{"id":2101,"date":"2015-06-06T18:20:09","date_gmt":"2015-06-06T18:20:09","guid":{"rendered":"http:\/\/www.santalabs.ninja\/?page_id=2101"},"modified":"2025-10-27T11:54:46","modified_gmt":"2025-10-27T11:54:46","slug":"horarios","status":"publish","type":"page","link":"https:\/\/www.enfis.pt\/escoladenatacaovp\/horarios\/","title":{"rendered":"Hor\u00e1rios"},"content":{"rendered":"<p>Hor\u00e1rio de funcionamento:<\/p>\n<p>_ Nata\u00e7\u00e3o<\/p>\n<p>de 2\u00aa a 5\u00aa feira, das 16h \u00e0s 19h30<\/p>\n<p>_ AMA (Adapta\u00e7\u00e3o ao Meio Aqu\u00e1tico)<\/p>\n<p>4\u00aa feira, 18h00: dos 6 aos 36 meses<\/p>\n","protected":false},"excerpt":{"rendered":"<p>Hor\u00e1rio de funcionamento: _ Nata\u00e7\u00e3o de 2\u00aa a 5\u00aa feira, das 16h \u00e0s 19h30 _ AMA (Adapta\u00e7\u00e3o ao Meio Aqu\u00e1tico) 4\u00aa feira, 18h00: dos 6 aos 36 meses<\/p>\n","protected":false},"author":1,"featured_media":0,"parent":0,"menu_order":0,"comment_status":"closed","ping_status":"closed","template":"page-horarios.php","meta":{"footnotes":""},"class_list":["post-2101","page","type-page","status-publish","hentry"],"_links":{"self":[{"href":"https:\/\/www.enfis.pt\/escoladenatacaovp\/wp-json\/wp\/v2\/pages\/2101","targetHints":{"allow":["GET"]}}],"collection":[{"href":"https:\/\/www.enfis.pt\/escoladenatacaovp\/wp-json\/wp\/v2\/pages"}],"about":[{"href":"https:\/\/www.enfis.pt\/escoladenatacaovp\/wp-json\/wp\/v2\/types\/page"}],"author":[{"embeddable":true,"href":"https:\/\/www.enfis.pt\/escoladenatacaovp\/wp-json\/wp\/v2\/users\/1"}],"replies":[{"embeddable":true,"href":"https:\/\/www.enfis.pt\/escoladenatacaovp\/wp-json\/wp\/v2\/comments?post=2101"}],"version-history":[{"count":5,"href":"https:\/\/www.enfis.pt\/escoladenatacaovp\/wp-json\/wp\/v2\/pages\/2101\/revisions"}],"predecessor-version":[{"id":2206,"href":"https:\/\/www.enfis.pt\/escoladenatacaovp\/wp-json\/wp\/v2\/pages\/2101\/revisions\/2206"}],"wp:attachment":[{"href":"https:\/\/www.enfis.pt\/escoladenatacaovp\/wp-json\/wp\/v2\/media?parent=2101"}],"curies":[{"name":"wp","href":"https:\/\/api.w.org\/{rel}","templated":true}]}}