{"id":2027,"date":"2015-04-24T21:00:05","date_gmt":"2015-04-24T21:00:05","guid":{"rendered":"http:\/\/www.santalabs.ninja\/?page_id=2027"},"modified":"2015-04-24T21:00:05","modified_gmt":"2015-04-24T21:00:05","slug":"comodidades","status":"publish","type":"page","link":"https:\/\/www.enfis.pt\/umu\/comodidades\/","title":{"rendered":"Comodidades"},"content":{"rendered":"<ul>\n<li>Rece\u00e7\u00e3o 24 horas;<\/li>\n<li>TV cabo em todos os quartos;<\/li>\n<li>pequeno-almo\u00e7o buffet americano;<\/li>\n<li>servi\u00e7o de quartos;<\/li>\n<li>lavandaria;<\/li>\n<li>cofre;<\/li>\n<li>wifi;<\/li>\n<li>limpeza di\u00e1ria;<\/li>\n<li>elevador;<\/li>\n<li>quartos para n\u00e3o fumadores;<\/li>\n<li>comodidades para pessoas com mobilidade condicionada;<\/li>\n<li>ar-condicionado;<\/li>\n<li>bar;<\/li>\n<li>sala de TV<\/li>\n<\/ul>\n","protected":false},"excerpt":{"rendered":"<p>Rece\u00e7\u00e3o 24 horas; TV cabo em todos os quartos; pequeno-almo\u00e7o buffet americano; servi\u00e7o de quartos; lavandaria; cofre; wifi; limpeza di\u00e1ria; elevador; quartos para n\u00e3o fumadores; comodidades para pessoas com mobilidade condicionada; ar-condicionado; bar; sala de TV<\/p>\n","protected":false},"author":1,"featured_media":0,"parent":0,"menu_order":0,"comment_status":"closed","ping_status":"closed","template":"page-comodidades.php","meta":{"footnotes":""},"class_list":["post-2027","page","type-page","status-publish","hentry"],"_links":{"self":[{"href":"https:\/\/www.enfis.pt\/umu\/wp-json\/wp\/v2\/pages\/2027","targetHints":{"allow":["GET"]}}],"collection":[{"href":"https:\/\/www.enfis.pt\/umu\/wp-json\/wp\/v2\/pages"}],"about":[{"href":"https:\/\/www.enfis.pt\/umu\/wp-json\/wp\/v2\/types\/page"}],"author":[{"embeddable":true,"href":"https:\/\/www.enfis.pt\/umu\/wp-json\/wp\/v2\/users\/1"}],"replies":[{"embeddable":true,"href":"https:\/\/www.enfis.pt\/umu\/wp-json\/wp\/v2\/comments?post=2027"}],"version-history":[{"count":0,"href":"https:\/\/www.enfis.pt\/umu\/wp-json\/wp\/v2\/pages\/2027\/revisions"}],"wp:attachment":[{"href":"https:\/\/www.enfis.pt\/umu\/wp-json\/wp\/v2\/media?parent=2027"}],"curies":[{"name":"wp","href":"https:\/\/api.w.org\/{rel}","templated":true}]}}