{"id":19,"date":"2015-03-24T14:38:19","date_gmt":"2015-03-24T14:38:19","guid":{"rendered":"http:\/\/www.premiosmarketingribatejo.com\/?page_id=19"},"modified":"2015-03-24T14:38:19","modified_gmt":"2015-03-24T14:38:19","slug":"uniformes","status":"publish","type":"page","link":"https:\/\/www.enfis.pt\/valledosprincipes\/uniformes\/","title":{"rendered":"Uniformes"},"content":{"rendered":"<p>\t\t\t\tO uso de uniforme no Col\u00e9gio visa desenvolver nos alunos o sentimento de perten\u00e7a a um grupo, de uni\u00e3o e de igualdade.<\/p>\n<p>Os uniformes revelam-se essenciais na identifica\u00e7\u00e3o e na seguran\u00e7a dos mesmos.<\/p>\n<p>Esta pr\u00e1tica, que remonta a 1890 nas escolas que formavam professores, tornou-se um item de qualquer institui\u00e7\u00e3o privada de forma a evitar as desigualdades e o consumismo. A consciencializa\u00e7\u00e3o do uso de uniforme \u00e9 uma pr\u00e1tica fundamental, como s\u00edmbolo, em exibir e zelar, com orgulho, o Col\u00e9gio a que pertencem.<\/p>\n<p><a href=\"http:\/\/www.valledosprincipes.com\/wp-content\/uploads\/2015\/03\/uniformes.jpg\"><img fetchpriority=\"high\" decoding=\"async\" class=\"alignnone size-full wp-image-81\" src=\"http:\/\/www.valledosprincipes.com\/wp-content\/uploads\/2015\/03\/uniformes.jpg\" alt=\"uniformes\" width=\"994\" height=\"701\" srcset=\"https:\/\/www.enfis.pt\/valledosprincipes\/wp-content\/uploads\/sites\/3\/2015\/03\/uniformes.jpg 994w, https:\/\/www.enfis.pt\/valledosprincipes\/wp-content\/uploads\/sites\/3\/2015\/03\/uniformes-300x212.jpg 300w, https:\/\/www.enfis.pt\/valledosprincipes\/wp-content\/uploads\/sites\/3\/2015\/03\/uniformes-768x542.jpg 768w\" sizes=\"(max-width: 994px) 100vw, 994px\" \/><\/a>\t\t<\/p>\n","protected":false},"excerpt":{"rendered":"<p>O uso de uniforme no Col\u00e9gio visa desenvolver nos alunos o sentimento de perten\u00e7a a um grupo, de uni\u00e3o e de igualdade. Os uniformes revelam-se essenciais na identifica\u00e7\u00e3o e na seguran\u00e7a dos mesmos. Esta pr\u00e1tica, que remonta a 1890 nas escolas que formavam professores, tornou-se um item de qualquer institui\u00e7\u00e3o privada de forma a evitar [&hellip;]<\/p>\n","protected":false},"author":1,"featured_media":0,"parent":0,"menu_order":0,"comment_status":"closed","ping_status":"closed","template":"","meta":{"footnotes":""},"class_list":["post-19","page","type-page","status-publish","hentry"],"_links":{"self":[{"href":"https:\/\/www.enfis.pt\/valledosprincipes\/wp-json\/wp\/v2\/pages\/19","targetHints":{"allow":["GET"]}}],"collection":[{"href":"https:\/\/www.enfis.pt\/valledosprincipes\/wp-json\/wp\/v2\/pages"}],"about":[{"href":"https:\/\/www.enfis.pt\/valledosprincipes\/wp-json\/wp\/v2\/types\/page"}],"author":[{"embeddable":true,"href":"https:\/\/www.enfis.pt\/valledosprincipes\/wp-json\/wp\/v2\/users\/1"}],"replies":[{"embeddable":true,"href":"https:\/\/www.enfis.pt\/valledosprincipes\/wp-json\/wp\/v2\/comments?post=19"}],"version-history":[{"count":0,"href":"https:\/\/www.enfis.pt\/valledosprincipes\/wp-json\/wp\/v2\/pages\/19\/revisions"}],"wp:attachment":[{"href":"https:\/\/www.enfis.pt\/valledosprincipes\/wp-json\/wp\/v2\/media?parent=19"}],"curies":[{"name":"wp","href":"https:\/\/api.w.org\/{rel}","templated":true}]}}