{"id":2384,"date":"2014-09-16T17:32:31","date_gmt":"2014-09-16T17:32:31","guid":{"rendered":"http:\/\/premiosmarketingribatejo.com\/\/?page_id=2"},"modified":"2025-02-03T16:45:37","modified_gmt":"2025-02-03T16:45:37","slug":"contactos","status":"publish","type":"page","link":"https:\/\/www.enfis.pt\/valledosprincipes\/contactos\/","title":{"rendered":"Contactos"},"content":{"rendered":"<p><strong>Col\u00e9gio Valle dos Pr\u00edncipes<\/strong><br \/>\nAv. Ant\u00f3nio dos Santos, 38<br \/>\n2000 &#8211; 074 Santar\u00e9m<br \/>\ntel: 243 377 800<br \/>\ne-mail : valledosprincipes@enfis.pt<\/p>\n<p><strong>Diretora Pedag\u00f3gica creche :<\/strong><br \/>\n&#8211; Am\u00e9lia Nogueira<\/p>\n<p><strong>Diretora Pedag\u00f3gica 1\u00baCiclo :<\/strong><br \/>\n&#8211; Cl\u00e1udia Santos<\/p>\n","protected":false},"excerpt":{"rendered":"<p>Col\u00e9gio Valle dos Pr\u00edncipes Av. Ant\u00f3nio dos Santos, 38 2000 &#8211; 074 Santar\u00e9m tel: 243 377 800 e-mail : valledosprincipes@enfis.pt Diretora Pedag\u00f3gica creche : &#8211; Am\u00e9lia Nogueira Diretora Pedag\u00f3gica 1\u00baCiclo : &#8211; Cl\u00e1udia Santos<\/p>\n","protected":false},"author":1,"featured_media":0,"parent":0,"menu_order":0,"comment_status":"open","ping_status":"closed","template":"page-contactos.php","meta":{"footnotes":""},"class_list":["post-2384","page","type-page","status-publish","hentry"],"_links":{"self":[{"href":"https:\/\/www.enfis.pt\/valledosprincipes\/wp-json\/wp\/v2\/pages\/2384","targetHints":{"allow":["GET"]}}],"collection":[{"href":"https:\/\/www.enfis.pt\/valledosprincipes\/wp-json\/wp\/v2\/pages"}],"about":[{"href":"https:\/\/www.enfis.pt\/valledosprincipes\/wp-json\/wp\/v2\/types\/page"}],"author":[{"embeddable":true,"href":"https:\/\/www.enfis.pt\/valledosprincipes\/wp-json\/wp\/v2\/users\/1"}],"replies":[{"embeddable":true,"href":"https:\/\/www.enfis.pt\/valledosprincipes\/wp-json\/wp\/v2\/comments?post=2384"}],"version-history":[{"count":5,"href":"https:\/\/www.enfis.pt\/valledosprincipes\/wp-json\/wp\/v2\/pages\/2384\/revisions"}],"predecessor-version":[{"id":3188,"href":"https:\/\/www.enfis.pt\/valledosprincipes\/wp-json\/wp\/v2\/pages\/2384\/revisions\/3188"}],"wp:attachment":[{"href":"https:\/\/www.enfis.pt\/valledosprincipes\/wp-json\/wp\/v2\/media?parent=2384"}],"curies":[{"name":"wp","href":"https:\/\/api.w.org\/{rel}","templated":true}]}}

<p><strong>Colégio Valle dos Príncipes</strong><br />
Av. António dos Santos, 38<br />
2000 &#8211; 074 Santarém<br />
tel: 243 377 800<br />
e-mail : valledosprincipes@enfis.pt</p>
<p><strong>Diretora Pedagógica creche :</strong><br />
&#8211; Amélia Nogueira</p>
<p><strong>Diretora Pedagógica 1ºCiclo :</strong><br />
&#8211; Cláudia Santos</p>

<p>Colégio Valle dos Príncipes Av. António dos Santos, 38 2000 &#8211; 074 Santarém tel: 243 377 800 e-mail : valledosprincipes@enfis.pt Diretora Pedagógica creche : &#8211; Amélia Nogueira Diretora Pedagógica 1ºCiclo : &#8211; Cláudia Santos</p>
