{"id":7,"date":"2015-03-22T18:17:23","date_gmt":"2015-03-22T18:17:23","guid":{"rendered":"http:\/\/premiosmarketingribatejo.com\/?page_id=7"},"modified":"2021-07-30T16:55:32","modified_gmt":"2021-07-30T16:55:32","slug":"horarios","status":"publish","type":"page","link":"https:\/\/www.enfis.pt\/valledosprincipes\/horarios\/","title":{"rendered":"Hor\u00e1rios"},"content":{"rendered":"<p>Hor\u00e1rio letivo creche e pr\u00e9-escolar das 09h00 \u00e0s 17h00<\/p>\n<p>Hor\u00e1rio letivo: das 08H30 \u00e0s 16h30<\/p>\n<p><strong>Gabinete Serv. Administrativos:<\/strong><\/p>\n<p>das 08h45 \u00e0s 12h30<\/p>\n<p>das 14h00 \u00e0s 18h00<\/p>\n","protected":false},"excerpt":{"rendered":"<p>Hor\u00e1rio letivo creche e pr\u00e9-escolar das 09h00 \u00e0s 17h00 Hor\u00e1rio letivo: das 08H30 \u00e0s 16h30 Gabinete Serv. Administrativos: das 08h45 \u00e0s 12h30 das 14h00 \u00e0s 18h00<\/p>\n","protected":false},"author":1,"featured_media":0,"parent":0,"menu_order":0,"comment_status":"closed","ping_status":"closed","template":"page-horarios.php","meta":{"footnotes":""},"class_list":["post-7","page","type-page","status-publish","hentry"],"_links":{"self":[{"href":"https:\/\/www.enfis.pt\/valledosprincipes\/wp-json\/wp\/v2\/pages\/7","targetHints":{"allow":["GET"]}}],"collection":[{"href":"https:\/\/www.enfis.pt\/valledosprincipes\/wp-json\/wp\/v2\/pages"}],"about":[{"href":"https:\/\/www.enfis.pt\/valledosprincipes\/wp-json\/wp\/v2\/types\/page"}],"author":[{"embeddable":true,"href":"https:\/\/www.enfis.pt\/valledosprincipes\/wp-json\/wp\/v2\/users\/1"}],"replies":[{"embeddable":true,"href":"https:\/\/www.enfis.pt\/valledosprincipes\/wp-json\/wp\/v2\/comments?post=7"}],"version-history":[{"count":1,"href":"https:\/\/www.enfis.pt\/valledosprincipes\/wp-json\/wp\/v2\/pages\/7\/revisions"}],"predecessor-version":[{"id":3009,"href":"https:\/\/www.enfis.pt\/valledosprincipes\/wp-json\/wp\/v2\/pages\/7\/revisions\/3009"}],"wp:attachment":[{"href":"https:\/\/www.enfis.pt\/valledosprincipes\/wp-json\/wp\/v2\/media?parent=7"}],"curies":[{"name":"wp","href":"https:\/\/api.w.org\/{rel}","templated":true}]}}

Horários

<p>Horário letivo creche e pré-escolar das 09h00 às 17h00</p>
<p>Horário letivo: das 08H30 às 16h30</p>
<p><strong>Gabinete Serv. Administrativos:</strong></p>
<p>das 08h45 às 12h30</p>
<p>das 14h00 às 18h00</p>

<p>Horário letivo creche e pré-escolar das 09h00 às 17h00 Horário letivo: das 08H30 às 16h30 Gabinete Serv. Administrativos: das 08h45 às 12h30 das 14h00 às 18h00</p>
