{"id":10,"date":"2014-04-04T14:42:48","date_gmt":"2014-04-04T14:42:48","guid":{"rendered":"http:\/\/www.visitefatima.com\/?page_id=10"},"modified":"2014-04-04T14:42:48","modified_gmt":"2014-04-04T14:42:48","slug":"contactos","status":"publish","type":"page","link":"https:\/\/www.enfis.pt\/valledosreis\/contactos\/","title":{"rendered":"Contactos"},"content":{"rendered":"<p>\t\t\t\tAv. Ant\u00f3nio dos Santos, 36<br \/>\n2000-074 Santar\u00e9m<br \/>\nValledosreis@valledosreis.com<\/p>\n<p><strong>Marque a sua visita atrav\u00e9s do n\u00famero 243 377 803<\/strong><\/p>\n<p>A sua visita ser\u00e1 acompanhada por um profissional que estar\u00e1 apto a explicar-lhe todo o funcionamento do Valle dos Reis e a esclarec\u00ea-lo sobre o conceito \u201cResid\u00eancias Assistidas\u201d.\t\t<\/p>\n","protected":false},"excerpt":{"rendered":"<p>Av. Ant\u00f3nio dos Santos, 36 2000-074 Santar\u00e9m Valledosreis@valledosreis.com Marque a sua visita atrav\u00e9s do n\u00famero 243 377 803 A sua visita ser\u00e1 acompanhada por um profissional que estar\u00e1 apto a explicar-lhe todo o funcionamento do Valle dos Reis e a esclarec\u00ea-lo sobre o conceito \u201cResid\u00eancias Assistidas\u201d.<\/p>\n","protected":false},"author":1,"featured_media":0,"parent":0,"menu_order":0,"comment_status":"open","ping_status":"open","template":"page-contactos.php","meta":{"footnotes":""},"class_list":["post-10","page","type-page","status-publish","hentry"],"_links":{"self":[{"href":"https:\/\/www.enfis.pt\/valledosreis\/wp-json\/wp\/v2\/pages\/10","targetHints":{"allow":["GET"]}}],"collection":[{"href":"https:\/\/www.enfis.pt\/valledosreis\/wp-json\/wp\/v2\/pages"}],"about":[{"href":"https:\/\/www.enfis.pt\/valledosreis\/wp-json\/wp\/v2\/types\/page"}],"author":[{"embeddable":true,"href":"https:\/\/www.enfis.pt\/valledosreis\/wp-json\/wp\/v2\/users\/1"}],"replies":[{"embeddable":true,"href":"https:\/\/www.enfis.pt\/valledosreis\/wp-json\/wp\/v2\/comments?post=10"}],"version-history":[{"count":0,"href":"https:\/\/www.enfis.pt\/valledosreis\/wp-json\/wp\/v2\/pages\/10\/revisions"}],"wp:attachment":[{"href":"https:\/\/www.enfis.pt\/valledosreis\/wp-json\/wp\/v2\/media?parent=10"}],"curies":[{"name":"wp","href":"https:\/\/api.w.org\/{rel}","templated":true}]}}

<p>				Av. António dos Santos, 36<br />
2000-074 Santarém<br />
Valledosreis@valledosreis.com</p>
<p><strong>Marque a sua visita através do número 243 377 803</strong></p>
<p>A sua visita será acompanhada por um profissional que estará apto a explicar-lhe todo o funcionamento do Valle dos Reis e a esclarecê-lo sobre o conceito “Residências Assistidas”.		</p>

<p>Av. António dos Santos, 36 2000-074 Santarém Valledosreis@valledosreis.com Marque a sua visita através do número 243 377 803 A sua visita será acompanhada por um profissional que estará apto a explicar-lhe todo o funcionamento do Valle dos Reis e a esclarecê-lo sobre o conceito “Residências Assistidas”.</p>
