{"id":44,"date":"2015-03-31T13:41:03","date_gmt":"2015-03-31T13:41:03","guid":{"rendered":"http:\/\/www.visitefatima.com\/?page_id=44"},"modified":"2015-03-31T13:41:03","modified_gmt":"2015-03-31T13:41:03","slug":"modalidades","status":"publish","type":"page","link":"https:\/\/www.enfis.pt\/valledosreis\/modalidades\/","title":{"rendered":"Modalidades de ades\u00e3o"},"content":{"rendered":"<p>\t\t\t\tO Valle dos Reis oferece v\u00e1rias modalidades que podem ir de estadia permanente em quarto ou suite, estadias tempor\u00e1rias di\u00e1rias ou mensais, estadias de recupera\u00e7\u00e3o e acamados.<br \/>\nTodas as modalidades incluem alojamento, alimenta\u00e7\u00e3o, servi\u00e7os m\u00e9dicos e de enfermagem.<\/p>\n<h3>DUV (Direito de Utiliza\u00e7\u00e3o Vital\u00edcia)<\/h3>\n<p>O direito de resid\u00eancia \u00e9 cedido a t\u00edtulo pessoal, em regime de direito vital\u00edcio e intransmiss\u00edvel (a n\u00e3o ser para o acompanhante nos casos das unidades habitacionais ocupadas por 2 membros).<\/p>\n<h3>DUV 65<\/h3>\n<p>Contrato em regime de direito vital\u00edcio para seniores dos 65 aos 79 anos.<\/p>\n<h3>DUV 80<\/h3>\n<p>Contrato em regime de direito vital\u00edcio para seniores com idade igual ou superior a 80 anos.<\/p>\n<h3>DUT (Direito de Utiliza\u00e7\u00e3o Tempor\u00e1ria)<\/h3>\n<p>Estadias tempor\u00e1rias com a possibilidade de serem renovadas mensalmente, mediante a disponibilidade.<\/p>\n<h3>Modalidade Base<\/h3>\n<p>N\u00e3o obriga ao pagamento\u00a0 de j\u00f3ia de admiss\u00e3o\/DUV, sendo apenas cobrada uma cau\u00e7\u00e3o referente a 1 mensalidade. Neste caso, as admiss\u00f5es aceites s\u00e3o para estadias obrigatoriamente em quarto duplo.<br \/>\nA mensalidade inclui alojamento e 4 refei\u00e7\u00f5es di\u00e1rias, servi\u00e7os m\u00e9dicos e de enfermagem.<\/p>\n<h3>Modalidade Base Superior<\/h3>\n<p>N\u00e3o obriga ao pagamento\u00a0 de j\u00f3ia de admiss\u00e3o\/DUV, sendo apenas cobrada uma cau\u00e7\u00e3o referente a 1 mensalidade. Neste caso, as admiss\u00f5es aceites s\u00e3o para estadias obrigatoriamente em quarto duplo, nos pisos 1, 2 e 3 do Valle dos Reis.<br \/>\nA mensalidade inclui alojamento e 4 refei\u00e7\u00f5es di\u00e1rias, servi\u00e7os m\u00e9dicos e de enfermagem.<\/p>\n<h3>Modalidade Cuidados Superiores<\/h3>\n<p>N\u00e3o obriga ao pagamento de j\u00f3ia de admiss\u00e3o\/DUV, sendo apenas cobrada uma cau\u00e7\u00e3o referente a 1 mensalidade.<br \/>\nNeste caso, as admiss\u00f5es aceites s\u00e3o para estadias obrigatoriamente em quarto duplo, no piso 0<br \/>\nPermite a aceita\u00e7\u00e3o de residentes acamados, sem qualquer agravamento no valor da mensalidade (exceto os eventuais extras que possam ser necess\u00e1rios).<\/p>\n<h3>Modalidade DUT (Direito de Utiliza\u00e7\u00e3o Tempor\u00e1ria)<\/h3>\n<p>O utente pode usufruir de uma estadia tempor\u00e1ria, em quarto privado, com a dura\u00e7\u00e3o m\u00ednima de 1 m\u00eas e m\u00e1xima de 2 meses. Esta modalidade tem como principal intuito a experimenta\u00e7\u00e3o, de forma a que o utente possa vir a tomar a op\u00e7\u00e3o de resid\u00eancia permanente de forma totalmente consciente do que pode esperar do Valle dos Reis.<\/p>\n<h3>Modalidade de Recupera\u00e7\u00e3o<\/h3>\n<p>Tem por objetivo os utentes fazerem um per\u00edodo m\u00e1ximo de 3 meses de recupera\u00e7\u00e3o (p\u00f3s-cir\u00fargica, fisioterap\u00eautica, ou de doen\u00e7a, etc) no Valle dos Reis, n\u00e3o obrigando \u00e0 idade m\u00ednima de 65 anos, podendo usufruir dos servi\u00e7os m\u00e9dicos, de enfermagem e de fisioterapia disponibilizados pela institui\u00e7\u00e3o.<\/p>\n<h3>Modalidade Premium<\/h3>\n<p>Obriga ao pagamento, na totalidade, da j\u00f3ia de admiss\u00e3o ou DUV (Direito de Utiliza\u00e7\u00e3o Vital\u00edcia) aquando da admiss\u00e3o no Valle dos Reis, sendo a mesma devolvida em caso de falecimento do residente, at\u00e9 este completar 4 anos de resid\u00eancia, em percentagens pr\u00e9-definidas.<br \/>\nA respetiva mensalidade inclui 4 refei\u00e7\u00f5es di\u00e1rias, alojamento, 4 vales de refei\u00e7\u00e3o para oferta a visitantes, 2 vales no valor de 10,00 \u20ac para utiliza\u00e7\u00e3o no Scape &amp; Medical Spa, toda a Anima\u00e7\u00e3o e actividades f\u00edsicas, servi\u00e7os m\u00e9dicos e de enfermagem.<\/p>\n<h3>Modalidade Premium repartida<\/h3>\n<p>A j\u00f3ia de admiss\u00e3o\/DUV sofre um ligeiro agravamento, mas pode ser paga em 4 presta\u00e7\u00f5es anuais, n\u00e3o havendo lugar a qualquer reembolso em caso de falecimento do residente.<br \/>\nA respetiva mensalidade inclui 4 refei\u00e7\u00f5es di\u00e1rias, alojamento, 4 vales de refei\u00e7\u00e3o para oferta a visitantes, 2 vales no valor de 10,00 \u20ac para utiliza\u00e7\u00e3o no Scape &amp; Medical Spa, toda a Anima\u00e7\u00e3o e actividades f\u00edsicas, servi\u00e7os m\u00e9dicos e de enfermagem.\t\t<\/p>\n","protected":false},"excerpt":{"rendered":"<p>O Valle dos Reis oferece v\u00e1rias modalidades que podem ir de estadia permanente em quarto ou suite, estadias tempor\u00e1rias di\u00e1rias ou mensais, estadias de recupera\u00e7\u00e3o e acamados. Todas as modalidades incluem alojamento, alimenta\u00e7\u00e3o, servi\u00e7os m\u00e9dicos e de enfermagem. DUV (Direito de Utiliza\u00e7\u00e3o Vital\u00edcia) O direito de resid\u00eancia \u00e9 cedido a t\u00edtulo pessoal, em regime de [&hellip;]<\/p>\n","protected":false},"author":1,"featured_media":0,"parent":0,"menu_order":0,"comment_status":"open","ping_status":"open","template":"","meta":{"footnotes":""},"class_list":["post-44","page","type-page","status-publish","hentry"],"_links":{"self":[{"href":"https:\/\/www.enfis.pt\/valledosreis\/wp-json\/wp\/v2\/pages\/44","targetHints":{"allow":["GET"]}}],"collection":[{"href":"https:\/\/www.enfis.pt\/valledosreis\/wp-json\/wp\/v2\/pages"}],"about":[{"href":"https:\/\/www.enfis.pt\/valledosreis\/wp-json\/wp\/v2\/types\/page"}],"author":[{"embeddable":true,"href":"https:\/\/www.enfis.pt\/valledosreis\/wp-json\/wp\/v2\/users\/1"}],"replies":[{"embeddable":true,"href":"https:\/\/www.enfis.pt\/valledosreis\/wp-json\/wp\/v2\/comments?post=44"}],"version-history":[{"count":0,"href":"https:\/\/www.enfis.pt\/valledosreis\/wp-json\/wp\/v2\/pages\/44\/revisions"}],"wp:attachment":[{"href":"https:\/\/www.enfis.pt\/valledosreis\/wp-json\/wp\/v2\/media?parent=44"}],"curies":[{"name":"wp","href":"https:\/\/api.w.org\/{rel}","templated":true}]}}

Modalidades de adesão

<p>				O Valle dos Reis oferece várias modalidades que podem ir de estadia permanente em quarto ou suite, estadias temporárias diárias ou mensais, estadias de recuperação e acamados.<br />
Todas as modalidades incluem alojamento, alimentação, serviços médicos e de enfermagem.</p>
<h3>DUV (Direito de Utilização Vitalícia)</h3>
<p>O direito de residência é cedido a título pessoal, em regime de direito vitalício e intransmissível (a não ser para o acompanhante nos casos das unidades habitacionais ocupadas por 2 membros).</p>
<h3>DUV 65</h3>
<p>Contrato em regime de direito vitalício para seniores dos 65 aos 79 anos.</p>
<h3>DUV 80</h3>
<p>Contrato em regime de direito vitalício para seniores com idade igual ou superior a 80 anos.</p>
<h3>DUT (Direito de Utilização Temporária)</h3>
<p>Estadias temporárias com a possibilidade de serem renovadas mensalmente, mediante a disponibilidade.</p>
<h3>Modalidade Base</h3>
<p>Não obriga ao pagamento  de jóia de admissão/DUV, sendo apenas cobrada uma caução referente a 1 mensalidade. Neste caso, as admissões aceites são para estadias obrigatoriamente em quarto duplo.<br />
A mensalidade inclui alojamento e 4 refeições diárias, serviços médicos e de enfermagem.</p>
<h3>Modalidade Base Superior</h3>
<p>Não obriga ao pagamento  de jóia de admissão/DUV, sendo apenas cobrada uma caução referente a 1 mensalidade. Neste caso, as admissões aceites são para estadias obrigatoriamente em quarto duplo, nos pisos 1, 2 e 3 do Valle dos Reis.<br />
A mensalidade inclui alojamento e 4 refeições diárias, serviços médicos e de enfermagem.</p>
<h3>Modalidade Cuidados Superiores</h3>
<p>Não obriga ao pagamento de jóia de admissão/DUV, sendo apenas cobrada uma caução referente a 1 mensalidade.<br />
Neste caso, as admissões aceites são para estadias obrigatoriamente em quarto duplo, no piso 0<br />
Permite a aceitação de residentes acamados, sem qualquer agravamento no valor da mensalidade (exceto os eventuais extras que possam ser necessários).</p>
<h3>Modalidade DUT (Direito de Utilização Temporária)</h3>
<p>O utente pode usufruir de uma estadia temporária, em quarto privado, com a duração mínima de 1 mês e máxima de 2 meses. Esta modalidade tem como principal intuito a experimentação, de forma a que o utente possa vir a tomar a opção de residência permanente de forma totalmente consciente do que pode esperar do Valle dos Reis.</p>
<h3>Modalidade de Recuperação</h3>
<p>Tem por objetivo os utentes fazerem um período máximo de 3 meses de recuperação (pós-cirúrgica, fisioterapêutica, ou de doença, etc) no Valle dos Reis, não obrigando à idade mínima de 65 anos, podendo usufruir dos serviços médicos, de enfermagem e de fisioterapia disponibilizados pela instituição.</p>
<h3>Modalidade Premium</h3>
<p>Obriga ao pagamento, na totalidade, da jóia de admissão ou DUV (Direito de Utilização Vitalícia) aquando da admissão no Valle dos Reis, sendo a mesma devolvida em caso de falecimento do residente, até este completar 4 anos de residência, em percentagens pré-definidas.<br />
A respetiva mensalidade inclui 4 refeições diárias, alojamento, 4 vales de refeição para oferta a visitantes, 2 vales no valor de 10,00 € para utilização no Scape &amp; Medical Spa, toda a Animação e actividades físicas, serviços médicos e de enfermagem.</p>
<h3>Modalidade Premium repartida</h3>
<p>A jóia de admissão/DUV sofre um ligeiro agravamento, mas pode ser paga em 4 prestações anuais, não havendo lugar a qualquer reembolso em caso de falecimento do residente.<br />
A respetiva mensalidade inclui 4 refeições diárias, alojamento, 4 vales de refeição para oferta a visitantes, 2 vales no valor de 10,00 € para utilização no Scape &amp; Medical Spa, toda a Animação e actividades físicas, serviços médicos e de enfermagem.		</p>

<p>O Valle dos Reis oferece várias modalidades que podem ir de estadia permanente em quarto ou suite, estadias temporárias diárias ou mensais, estadias de recuperação e acamados. Todas as modalidades incluem alojamento, alimentação, serviços médicos e de enfermagem. DUV (Direito de Utilização Vitalícia) O direito de residência é cedido a título pessoal, em regime de [&hellip;]</p>
