{"id":49,"date":"2015-03-31T13:48:19","date_gmt":"2015-03-31T13:48:19","guid":{"rendered":"http:\/\/www.visitefatima.com\/?page_id=49"},"modified":"2019-05-24T16:22:38","modified_gmt":"2019-05-24T16:22:38","slug":"localizacao","status":"publish","type":"page","link":"https:\/\/www.enfis.pt\/valledosreis\/localizacao\/","title":{"rendered":"Localiza\u00e7\u00e3o"},"content":{"rendered":"\t\t<div data-elementor-type=\"wp-post\" data-elementor-id=\"49\" class=\"elementor elementor-49\">\n\t\t\t\t\t\t<section class=\"elementor-section elementor-top-section elementor-element elementor-element-46ca3508 elementor-section-boxed elementor-section-height-default elementor-section-height-default\" data-id=\"46ca3508\" data-element_type=\"section\" data-e-type=\"section\">\n\t\t\t\t\t\t<div class=\"elementor-container elementor-column-gap-default\">\n\t\t\t\t\t<div class=\"elementor-column elementor-col-100 elementor-top-column elementor-element elementor-element-62de78c6\" data-id=\"62de78c6\" data-element_type=\"column\" data-e-type=\"column\">\n\t\t\t<div class=\"elementor-widget-wrap elementor-element-populated\">\n\t\t\t\t\t\t<div class=\"elementor-element elementor-element-6b846693 elementor-widget elementor-widget-text-editor\" data-id=\"6b846693\" data-element_type=\"widget\" data-e-type=\"widget\" data-widget_type=\"text-editor.default\">\n\t\t\t\t<div class=\"elementor-widget-container\">\n\t\t\t\t\t\t\t\t\tCom uma localiza\u00e7\u00e3o privilegiada no centro da cidade de Santar\u00e9m, \u00e9 f\u00e1cil o acesso a p\u00e9 do Valle dos Reis aos principais pontos da cidade.\n\n&nbsp;\t\t\t\t\t\t\t\t<\/div>\n\t\t\t\t<\/div>\n\t\t\t\t\t<\/div>\n\t\t<\/div>\n\t\t\t\t\t<\/div>\n\t\t<\/section>\n\t\t\t\t<section class=\"elementor-section elementor-top-section elementor-element elementor-element-b22742d elementor-section-boxed elementor-section-height-default elementor-section-height-default\" data-id=\"b22742d\" data-element_type=\"section\" data-e-type=\"section\">\n\t\t\t\t\t\t<div class=\"elementor-container elementor-column-gap-default\">\n\t\t\t\t\t<div class=\"elementor-column elementor-col-100 elementor-top-column elementor-element elementor-element-abcec16\" data-id=\"abcec16\" data-element_type=\"column\" data-e-type=\"column\">\n\t\t\t<div class=\"elementor-widget-wrap elementor-element-populated\">\n\t\t\t\t\t\t<div class=\"elementor-element elementor-element-912764d elementor-widget elementor-widget-google_maps\" data-id=\"912764d\" data-element_type=\"widget\" data-e-type=\"widget\" data-widget_type=\"google_maps.default\">\n\t\t\t\t<div class=\"elementor-widget-container\">\n\t\t\t\t\t\t\t<div class=\"elementor-custom-embed\">\n\t\t\t<iframe loading=\"lazy\"\n\t\t\t\t\tsrc=\"https:\/\/maps.google.com\/maps?q=valle%20dos%20reis%2C%20Santar%C3%A9m%2C%20Portugal&#038;t=m&#038;z=17&#038;output=embed&#038;iwloc=near\"\n\t\t\t\t\ttitle=\"valle dos reis, Santar\u00e9m, Portugal\"\n\t\t\t\t\taria-label=\"valle dos reis, Santar\u00e9m, Portugal\"\n\t\t\t><\/iframe>\n\t\t<\/div>\n\t\t\t\t\t\t<\/div>\n\t\t\t\t<\/div>\n\t\t\t\t\t<\/div>\n\t\t<\/div>\n\t\t\t\t\t<\/div>\n\t\t<\/section>\n\t\t\t\t<\/div>\n\t\t","protected":false},"excerpt":{"rendered":"<p>Com uma localiza\u00e7\u00e3o privilegiada no centro da cidade de Santar\u00e9m, \u00e9 f\u00e1cil o acesso a p\u00e9 do Valle dos Reis aos principais pontos da cidade. &nbsp;<\/p>\n","protected":false},"author":1,"featured_media":0,"parent":0,"menu_order":0,"comment_status":"open","ping_status":"open","template":"","meta":{"footnotes":""},"class_list":["post-49","page","type-page","status-publish","hentry"],"_links":{"self":[{"href":"https:\/\/www.enfis.pt\/valledosreis\/wp-json\/wp\/v2\/pages\/49","targetHints":{"allow":["GET"]}}],"collection":[{"href":"https:\/\/www.enfis.pt\/valledosreis\/wp-json\/wp\/v2\/pages"}],"about":[{"href":"https:\/\/www.enfis.pt\/valledosreis\/wp-json\/wp\/v2\/types\/page"}],"author":[{"embeddable":true,"href":"https:\/\/www.enfis.pt\/valledosreis\/wp-json\/wp\/v2\/users\/1"}],"replies":[{"embeddable":true,"href":"https:\/\/www.enfis.pt\/valledosreis\/wp-json\/wp\/v2\/comments?post=49"}],"version-history":[{"count":6,"href":"https:\/\/www.enfis.pt\/valledosreis\/wp-json\/wp\/v2\/pages\/49\/revisions"}],"predecessor-version":[{"id":226,"href":"https:\/\/www.enfis.pt\/valledosreis\/wp-json\/wp\/v2\/pages\/49\/revisions\/226"}],"wp:attachment":[{"href":"https:\/\/www.enfis.pt\/valledosreis\/wp-json\/wp\/v2\/media?parent=49"}],"curies":[{"name":"wp","href":"https:\/\/api.w.org\/{rel}","templated":true}]}}

Localização

<div data-elementor-type="wp-post" data-elementor-id="49" class="elementor elementor-49">
						<section class="elementor-section elementor-top-section elementor-element elementor-element-46ca3508 elementor-section-boxed elementor-section-height-default elementor-section-height-default" data-id="46ca3508" data-element_type="section" data-e-type="section">
						<div class="elementor-container elementor-column-gap-default">
					<div class="elementor-column elementor-col-100 elementor-top-column elementor-element elementor-element-62de78c6" data-id="62de78c6" data-element_type="column" data-e-type="column">
			<div class="elementor-widget-wrap elementor-element-populated">
						<div class="elementor-element elementor-element-6b846693 elementor-widget elementor-widget-text-editor" data-id="6b846693" data-element_type="widget" data-e-type="widget" data-widget_type="text-editor.default">
				<div class="elementor-widget-container">
									Com uma localização privilegiada no centro da cidade de Santarém, é fácil o acesso a pé do Valle dos Reis aos principais pontos da cidade.

&nbsp;								</div>
				</div>
					</div>
		</div>
					</div>
		</section>
				<section class="elementor-section elementor-top-section elementor-element elementor-element-b22742d elementor-section-boxed elementor-section-height-default elementor-section-height-default" data-id="b22742d" data-element_type="section" data-e-type="section">
						<div class="elementor-container elementor-column-gap-default">
					<div class="elementor-column elementor-col-100 elementor-top-column elementor-element elementor-element-abcec16" data-id="abcec16" data-element_type="column" data-e-type="column">
			<div class="elementor-widget-wrap elementor-element-populated">
						<div class="elementor-element elementor-element-912764d elementor-widget elementor-widget-google_maps" data-id="912764d" data-element_type="widget" data-e-type="widget" data-widget_type="google_maps.default">
				<div class="elementor-widget-container">
							<div class="elementor-custom-embed">
			<iframe loading="lazy"
					src="https://maps.google.com/maps?q=valle%20dos%20reis%2C%20Santar%C3%A9m%2C%20Portugal&#038;t=m&#038;z=17&#038;output=embed&#038;iwloc=near"
					title="valle dos reis, Santarém, Portugal"
					aria-label="valle dos reis, Santarém, Portugal"
			></iframe>
		</div>
						</div>
				</div>
					</div>
		</div>
					</div>
		</section>
				</div>

<p>Com uma localização privilegiada no centro da cidade de Santarém, é fácil o acesso a pé do Valle dos Reis aos principais pontos da cidade. &nbsp;</p>
