{"id":13,"date":"2015-05-16T17:23:29","date_gmt":"2015-05-16T17:23:29","guid":{"rendered":"http:\/\/www.valledosreis.com\/fr\/?page_id=13"},"modified":"2015-05-16T17:23:29","modified_gmt":"2015-05-16T17:23:29","slug":"contacts","status":"publish","type":"page","link":"https:\/\/www.enfis.pt\/valledosreisfr\/contacts\/","title":{"rendered":"CONTACTS"},"content":{"rendered":"<p>\t\t\t\tAv. Ant\u00f3nio dos Santos, 36<br \/>\n2000-074 Santar\u00e9m<br \/>\nValledosreis@valledosreis.com<\/p>\n<p><strong>S\u00e9lectionnez votre visite en appelant 243 377 803<\/strong><\/p>\n<p>Votre visite sera accompagn\u00e9e par un professionnel qui sera en mesure d&#8217;expliquer tout le fonctionnement de la Vall\u00e9e des Rois et de vous \u00e9clairer sur le concept &#8220;R\u00e9sidences assist\u00e9s\u00bb.\t\t<\/p>\n","protected":false},"excerpt":{"rendered":"<p>Av. Ant\u00f3nio dos Santos, 36 2000-074 Santar\u00e9m Valledosreis@valledosreis.com S\u00e9lectionnez votre visite en appelant 243 377 803 Votre visite sera accompagn\u00e9e par un professionnel qui sera en mesure d&#8217;expliquer tout le fonctionnement de la Vall\u00e9e des Rois et de vous \u00e9clairer sur le concept &#8220;R\u00e9sidences assist\u00e9s\u00bb.<\/p>\n","protected":false},"author":1,"featured_media":0,"parent":0,"menu_order":0,"comment_status":"open","ping_status":"closed","template":"page-contactos.php","meta":{"footnotes":""},"class_list":["post-13","page","type-page","status-publish","hentry"],"_links":{"self":[{"href":"https:\/\/www.enfis.pt\/valledosreisfr\/wp-json\/wp\/v2\/pages\/13","targetHints":{"allow":["GET"]}}],"collection":[{"href":"https:\/\/www.enfis.pt\/valledosreisfr\/wp-json\/wp\/v2\/pages"}],"about":[{"href":"https:\/\/www.enfis.pt\/valledosreisfr\/wp-json\/wp\/v2\/types\/page"}],"author":[{"embeddable":true,"href":"https:\/\/www.enfis.pt\/valledosreisfr\/wp-json\/wp\/v2\/users\/1"}],"replies":[{"embeddable":true,"href":"https:\/\/www.enfis.pt\/valledosreisfr\/wp-json\/wp\/v2\/comments?post=13"}],"version-history":[{"count":0,"href":"https:\/\/www.enfis.pt\/valledosreisfr\/wp-json\/wp\/v2\/pages\/13\/revisions"}],"wp:attachment":[{"href":"https:\/\/www.enfis.pt\/valledosreisfr\/wp-json\/wp\/v2\/media?parent=13"}],"curies":[{"name":"wp","href":"https:\/\/api.w.org\/{rel}","templated":true}]}}

<p>				Av. António dos Santos, 36<br />
2000-074 Santarém<br />
Valledosreis@valledosreis.com</p>
<p><strong>Sélectionnez votre visite en appelant 243 377 803</strong></p>
<p>Votre visite sera accompagnée par un professionnel qui sera en mesure d&#8217;expliquer tout le fonctionnement de la Vallée des Rois et de vous éclairer sur le concept &#8220;Résidences assistés».		</p>

<p>Av. António dos Santos, 36 2000-074 Santarém Valledosreis@valledosreis.com Sélectionnez votre visite en appelant 243 377 803 Votre visite sera accompagnée par un professionnel qui sera en mesure d&#8217;expliquer tout le fonctionnement de la Vallée des Rois et de vous éclairer sur le concept &#8220;Résidences assistés».</p>
