{"id":17,"date":"2015-05-16T17:23:53","date_gmt":"2015-05-16T17:23:53","guid":{"rendered":"http:\/\/www.valledosreis.com\/fr\/?page_id=17"},"modified":"2015-05-16T17:23:53","modified_gmt":"2015-05-16T17:23:53","slug":"la-location","status":"publish","type":"page","link":"https:\/\/www.enfis.pt\/valledosreisfr\/la-location\/","title":{"rendered":"LA LOCATION"},"content":{"rendered":"<p>B\u00e9n\u00e9ficiant d&#8217;un emplacement privil\u00e9gi\u00e9 dans le centre de Santar\u00e9m, il y a un acc\u00e8s facile \u00e0 pied d\u00e9s la Vall\u00e9e des Rois aux principaux points de la ville.\t\t<\/p>\n","protected":false},"excerpt":{"rendered":"<p>B\u00e9n\u00e9ficiant d&#8217;un emplacement privil\u00e9gi\u00e9 dans le centre de Santar\u00e9m, il y a un acc\u00e8s facile \u00e0 pied d\u00e9s la Vall\u00e9e des Rois aux principaux points de la ville.<\/p>\n","protected":false},"author":1,"featured_media":0,"parent":0,"menu_order":0,"comment_status":"open","ping_status":"closed","template":"page-localizacao.php","meta":{"footnotes":""},"class_list":["post-17","page","type-page","status-publish","hentry"],"_links":{"self":[{"href":"https:\/\/www.enfis.pt\/valledosreisfr\/wp-json\/wp\/v2\/pages\/17","targetHints":{"allow":["GET"]}}],"collection":[{"href":"https:\/\/www.enfis.pt\/valledosreisfr\/wp-json\/wp\/v2\/pages"}],"about":[{"href":"https:\/\/www.enfis.pt\/valledosreisfr\/wp-json\/wp\/v2\/types\/page"}],"author":[{"embeddable":true,"href":"https:\/\/www.enfis.pt\/valledosreisfr\/wp-json\/wp\/v2\/users\/1"}],"replies":[{"embeddable":true,"href":"https:\/\/www.enfis.pt\/valledosreisfr\/wp-json\/wp\/v2\/comments?post=17"}],"version-history":[{"count":0,"href":"https:\/\/www.enfis.pt\/valledosreisfr\/wp-json\/wp\/v2\/pages\/17\/revisions"}],"wp:attachment":[{"href":"https:\/\/www.enfis.pt\/valledosreisfr\/wp-json\/wp\/v2\/media?parent=17"}],"curies":[{"name":"wp","href":"https:\/\/api.w.org\/{rel}","templated":true}]}}

<p>Bénéficiant d&#8217;un emplacement privilégié dans le centre de Santarém, il y a un accès facile à pied dés la Vallée des Rois aux principaux points de la ville.		</p>

<p>Bénéficiant d&#8217;un emplacement privilégié dans le centre de Santarém, il y a un accès facile à pied dés la Vallée des Rois aux principaux points de la ville.</p>
